uppose x = -2*f, f + 110 = 3*t + 2. What is the highest common factor of t and 108?
36
Let j(f) = f**2 - 15*f - 46. Let v be j(22). What is the highest common factor of v and 27?
27
Let o = -355 + 775. Suppose 1 = -5*a + 11. Suppose a*l - o = -s, 0*l + 210 = l + 5*s. Calculate the greatest common factor of l and 30.
30
Let r be 0 + (-1 - -1*74). Let g = 88 - r. Calculate the greatest common factor of g and 165.
15
Let r be ((-6647)/867)/(1 - 26/24). Calculate the highest common factor of 207 and r.
23
Let c be 1 + -2 + (80 - 2). Let r(n) = -3*n - 25. Let y be r(-10). Suppose y*a - 44 = a. Calculate the highest common divisor of a and c.
11
Suppose 0 = -51*k + 39*k + 432. What is the highest common divisor of k and 60?
12
Let l be -16 + (-10)/5 + 1. Let y = -2 - l. What is the highest common factor of 6 and y?
3
Suppose -6*l = -97 - 2015. Calculate the greatest common factor of l and 32.
32
Let b be 1/(-2) - (4 - 165/2). Suppose 1287 = 7*f - b. What is the highest common divisor of 15 and f?
15
Suppose -k + 28 = 4*c - c, c = 2*k + 7. Let q be (-285)/133 + (-1)/(-7). Let n be (-1)/q - (-213)/6. Calculate the greatest common divisor of c and n.
9
Let n be (3 - 2 - 2) + 4. Let o be ((-1)/n)/((-2)/36). Suppose -p + o = p. Calculate the highest common divisor of 24 and p.
3
Let z be ((-1)/3)/((-22)/858). Calculate the highest common divisor of z and 1469.
13
Suppose 19 = 10*v - 9*v. Suppose 9 + v = 4*h. What is the highest common factor of h and 56?
7
Suppose 0 = -w + 4, -d - 2*d + 185 = -w. Let j(t) = 2*t**3 + 14*t**2 + 5. Let k be j(-7). Suppose d = k*x - 337. What is the highest common factor of x and 16?
16
Suppose -2*u = 3*w - u - 461, 0 = 5*w - 4*u - 791. Suppose -5*l - w = -5*q, 0 = -2*q + 2*l + l + 65. What is the greatest common divisor of q and 7?
7
Let p(m) = -26*m - 149. Let l be p(-7). Suppose 0 = 4*i + 5*z - 21 - 8, 48 = 3*i - 5*z. What is the highest common factor of l and i?
11
Let u(g) = -3*g**2 + 21*g - 6. Let v be u(7). Let z be (-3 - v/(-4))/((-3)/6). Suppose -4*p + 311 = 23. What is the greatest common factor of p and z?
9
Let d be 20/5*-4 + -1. Let r = d - -18. What is the highest common factor of 1 and r?
1
Let s be (6/8)/(3/24). Suppose -4*m = -2*m - s. Suppose 0 = -m*b + 2*b + 24. What is the highest common factor of b and 6?
6
Suppose m = 4*x + 234, 2*x + 179 = m - 55. Let l = 13 + 48. Let o = l - 35. What is the highest common factor of m and o?
26
Let f be (1 + -2)*((-4)/(-4) + -1). Let n be 9 + -10 - (f - 17 - 2). Calculate the greatest common divisor of n and 3.
3
Let j = 4003 - 3949. Let g be (-2 + 1)*-83 + -2. What is the highest common divisor of g and j?
27
Let i be 14/(-35) - (-73)/(-5). Let u = 34 - i. Let b be (-110)/(-7) + 14/u. Calculate the highest common factor of 16 and b.
16
Let x(t) = -4*t + 16. Let q be x(10). Let g be (-44 + 0 + 0)*174/q. What is the highest common divisor of 29 and g?
29
Suppose 451 = 3*m + 64. Calculate the highest common factor of 344 and m.
43
Let a(h) = h**3 + 18*h**2 - 97*h + 12. Let d be a(-21). What is the greatest common divisor of 264 and d?
66
Suppose -h = -3*v - 26, 5*h = -0*h - 3*v + 166. What is the greatest common factor of h and 80?
16
Let d = 30 - 10. Suppose p - 7 = -2*w, p = -0*w + 3*w + 2. What is the greatest common divisor of p and d?
5
Suppose 2*d - 10 = -4. Let o be (-69)/(-15) + 15/(-25). Suppose 0 = 2*z - d*z + o, -2*u - 5*z + 48 = 0. What is the highest common divisor of u and 28?
14
Let c(z) = -z**2 - 8*z + 5. Let t be c(-10). Let p be (-118)/(-5) + (-6)/t. Let i = 16 + -10. What is the greatest common factor of p and i?
6
Let p = 5 + -2. Suppose p*u = 372 + 24. Calculate the highest common divisor of 88 and u.
44
Let l(g) = -g**2 - 8*g. Let r be l(-6). Let t(q) = -q**2 + 14*q - 11. Let m be t(13). Let b be -2 + 131 - (-6)/m. What is the greatest common factor of b and r?
12
Suppose -u + 0*u + 45 = -4*j, -134 = -2*u - 3*j. Suppose 5*a - 19 = u. Suppose -z + a = -0*z. What is the highest common divisor of z and 4?
4
Let f = 110 - 66. Suppose -43*b = -f*b + 41. What is the greatest common factor of 41 and b?
41
Let c(o) = o**3 + 5*o**2 - 7*o - 5. Let k be c(-6). Suppose -6*l + 16 = -2*l. Let r be (1*2)/(l/4). What is the greatest common factor of k and r?
1
Suppose -2*q - 2*a = q - 44, -3*q + 79 = -5*a. Let y be 376/9 + 4/q. What is the greatest common divisor of y and 21?
21
Let k be (-64)/(-4) - 0/3. Suppose 0 = -2*i + n + 91, -155 = -3*i - 4*n + 9. What is the greatest common factor of i and k?
16
Let g be 2 - 4/8*6. Let t be 11 + (5 - 2)*g. Calculate the greatest common factor of 64 and t.
8
Let s(c) = -c**2 - 13*c + 17. Let u be (-208)/12 + 3 - 1/(-3). Let a be s(u). What is the greatest common factor of 24 and a?
3
Let l be 9 - 3/((-9)/(-3)). Let j = 303 + -263. Calculate the highest common divisor of j and l.
8
Let z(o) = 63*o - 81. Let c be z(12). Calculate the greatest common divisor of 25 and c.
25
Suppose 5*x - 76 = 119. Suppose -9*m + x = -6*m. Calculate the greatest common divisor of m and 26.
13
Suppose 0 = -2*a + 4. Suppose -5*v - i + 10 = -3*i, 3*i - a = -v. Suppose 13 = d - v. Calculate the greatest common divisor of d and 165.
15
Let z(j) = 5 - 139*j**3 - 3 - 19*j + 20*j. Let b be z(-1). What is the highest common divisor of b and 20?
20
Let n = -30 + 28. Let o be 26 - (3 + -4 - n). Suppose f = 2*f - 4*p - 25, 5 = -f - 2*p. What is the greatest common factor of f and o?
5
Let a = 48 - 20. Let d = a + 53. What is the greatest common factor of 9 and d?
9
Suppose -320 = -4*b + 5*i, -b = -4*b - 4*i + 240. Let m be (-1 - (-8 + 4)) + 0. Suppose -m*o + 2*o + 20 = 0. Calculate the greatest common divisor of b and o.
20
Suppose -2*z - 3*i + 213 - 171 = 0, -5*z + 3*i = -42. Suppose 8*s - 90 = 3*s. Calculate the greatest common divisor of s and z.
6
Suppose -2*f + 65 = -0*n - n, 4*f + 3*n - 155 = 0. Let h be (-2)/(-5) - 1649/85. Let l = f + h. What is the highest common divisor of 176 and l?
16
Suppose -5*t - 223 + 1173 = 0. Suppose 3*o = -q + 113 + 118, 0 = -2*o - 4*q + 164. What is the highest common factor of t and o?
38
Let g = 11 + -3. Suppose q - j = 63, -4*q + 2*j = -126 - 128. Calculate the highest common factor of g and q.
8
Suppose 536 = 4*v - 2*v. Let k = 389 - v. Calculate the highest common factor of k and 11.
11
Suppose 6*a + 44 = 4*w + 2*a, -2 = 2*a. Calculate the highest common divisor of w and 695.
5
Let j be (-16153)/(-58) - 3/(-2). Calculate the greatest common factor of 120 and j.
40
Suppose -15*q + 88 = -11*q. Let n = 55 + 11. What is the highest common divisor of q and n?
22
Suppose 2 = b - 27. Suppose 2*d - 2*a - 52 = 0, 0 = d + 3*a - b + 7. Calculate the highest common factor of 25 and d.
25
Let m be 115/(-92)*(-76)/1. Let s = m - 23. Suppose 2*a - 3*k = 21, 0 = a + 2*a - k - 28. What is the highest common factor of a and s?
9
Suppose -u = 2*n + 3*u - 44, -3*u = 2*n - 45. Suppose 575*r - 24 = 571*r. Calculate the greatest common factor of r and n.
6
Let p be 490 + (4 - 9) + -3 + -2. Calculate the greatest common divisor of 30 and p.
30
Suppose -2*r = r - 9, 0 = -4*g + 2*r + 6. Suppose g*h = -2*h + 180. What is the greatest common factor of 4 and h?
4
Let l(u) = u**3 + 6*u**2 - 13*u - 13. Let b be l(-7). Let m = b + -3. What is the highest common divisor of m and 26?
26
Let h = -17 + 15. Let a(v) = 4*v**2 + 3*v. Let m be a(h). Suppose 5*q - 18 = 2*w, -6 - 2 = 4*q + 4*w. What is the highest common divisor of m and q?
2
Let o = -21 - -34. Let h = 12 + o. Calculate the greatest common factor of h and 10.
5
Let g(c) = 2*c**2 + 3*c - 2. Let p be -3*(16/(-12) + -1). Let m(u) = 2*u - 17. Let o be m(p). Let y be g(o). What is the highest common divisor of 21 and y?
7
Let k be (576/56)/(4 + (-265)/70). What is the highest common divisor of 256 and k?
16
Let p = 3 - -9. Let u = p + -27. Let d = u - -23. What is the highest common divisor of 16 and d?
8
Let m = 213 - 139. What is the greatest common factor of 148 and m?
74
Suppose -4*y + 4*g = -280, -y + 4*g + 74 = -g. Calculate the highest common divisor of 138 and y.
69
Let w = -2 + 1. Let q be ((-27)/2)/(w/2). Suppose 0 = -24*l + 31*l - 2079. What is the highest common factor of l and q?
27
Let b be 351 - 354 - -17*(1 + 0). What is the highest common divisor of 994 and b?
14
Let y = 10